{"id":7,"date":"2018-05-07T14:30:46","date_gmt":"2018-05-07T12:30:46","guid":{"rendered":"http:\/\/www.grundschule-humboldtstrasse.de\/?page_id=7"},"modified":"2024-04-29T11:20:27","modified_gmt":"2024-04-29T09:20:27","slug":"unterricht","status":"publish","type":"page","link":"https:\/\/www.grundschule-humboldtstrasse.de\/?page_id=7","title":{"rendered":"Unterricht"},"content":{"rendered":"\t\t<div data-elementor-type=\"wp-page\" data-elementor-id=\"7\" class=\"elementor elementor-7\">\n\t\t\t\t<div class=\"elementor-element elementor-element-797743f8 e-flex e-con-boxed e-con e-parent\" data-id=\"797743f8\" data-element_type=\"container\" data-e-type=\"container\">\n\t\t\t\t\t<div class=\"e-con-inner\">\n\t\t\t\t<div class=\"elementor-element elementor-element-6f67ff03 elementor-widget elementor-widget-text-editor\" data-id=\"6f67ff03\" data-element_type=\"widget\" data-e-type=\"widget\" data-widget_type=\"text-editor.default\">\n\t\t\t\t<div class=\"elementor-widget-container\">\n\t\t\t\t\t\t\t\t\t<strong>Unterrichtszeiten<\/strong><br>\nMorgens \u00f6ffnen sich um 8:00 Uhr die T\u00fcren der GGS Humboldtstra\u00dfe.<br>\n\nDie Unterrichtszeit beginnt mit der offenen Eingangsphase von 8:00 Uhr bis 8:15 Uhr.<br>\n\nDie Kinder k\u00f6nnen in dieser Zeit in ihrem Klassenraum spielen, sich unterhalten oder\u00a0mit der Lehrerin oder dem Lehrer reden.<br>\n\n So beginnt der Unterrichtstag mit einer stressfreien Phase des Ankommens.<br>\n\n\nDer gemeinsame Unterricht beginnt anschlie\u00dfend um 8:15 Uhr.<br>\n\n\nDies ist ein Stundenplan mit den Unterrichts- und Pausenzeiten an der GGS Humboldtstra\u00dfe:<\/p>\n\n<img decoding=\"async\" src=\"images\/pdf-Dateien\/k-Stundenplan.jpg\" alt=\"\" \/>\n\n<strong>Unterrichtsf\u00e4cher<\/strong><br>\n\n\nUnterrichtet werden an der GGS Humboldtstra\u00dfe folgende F\u00e4cher:\n<ul style=\"list-style-type: disc;\">\n \t<li>Deutsch<\/li>\n \t<li>Mathematik<\/li>\n \t<li>Sachunterricht<\/li>\n \t<li>Musik<\/li>\n \t<li>Kunst<\/li>\n \t<li>Englisch (ab Klasse 3)<\/li>\n \t<li>Sport<\/li>\n \t<li>Schwimmen (Klasse 3)<\/li>\n \t<li>F\u00f6rderunterricht im Fach Deutsch und Mathematik<\/li>\n \t<li>Deutsch als Zweitsprache (je nach Lehrersituation)<\/li>\n \t<li>Deutsch als Zweitsprache (je nach Lehrersituation)<\/li>\n<\/ul>\n\n<hr \/>\n\n<ul style=\"list-style-type: disc;\">\n \t<li>Evangelischer\/Katholischer Religionsunterricht<\/li>\n \t<li>Islamischer Religionsunterricht<\/li>\n \t<li>Alevitischer Religionsunterricht<\/li>\n<\/ul>\n\n<hr \/>\n\n<ul style=\"list-style-type: disc;\">\n \t<li>Herkunftssprachenunterricht in T\u00fcrkisch<\/li>\n<\/ul>\t\t\t\t\t\t\t\t<\/div>\n\t\t\t\t<\/div>\n\t\t\t\t\t<\/div>\n\t\t\t\t<\/div>\n\t\t\t\t<\/div>\n\t\t","protected":false},"excerpt":{"rendered":"<p>Unterrichtszeiten Morgens \u00f6ffnen sich um 8:00 Uhr die T\u00fcren der GGS Humboldtstra\u00dfe. Die Unterrichtszeit beginnt mit der offenen Eingangsphase von 8:00 Uhr bis 8:15 Uhr. Die Kinder k\u00f6nnen in dieser Zeit in ihrem Klassenraum spielen, sich unterhalten oder\u00a0mit der Lehrerin oder dem Lehrer reden. So beginnt der Unterrichtstag mit einer stressfreien Phase des Ankommens. Der [&hellip;]<\/p>\n","protected":false},"author":1,"featured_media":0,"parent":0,"menu_order":56,"comment_status":"closed","ping_status":"closed","template":"","meta":{"ocean_post_layout":"","ocean_both_sidebars_style":"","ocean_both_sidebars_content_width":0,"ocean_both_sidebars_sidebars_width":0,"ocean_sidebar":"","ocean_second_sidebar":"","ocean_disable_margins":"enable","ocean_add_body_class":"","ocean_shortcode_before_top_bar":"","ocean_shortcode_after_top_bar":"","ocean_shortcode_before_header":"","ocean_shortcode_after_header":"","ocean_has_shortcode":"","ocean_shortcode_after_title":"","ocean_shortcode_before_footer_widgets":"","ocean_shortcode_after_footer_widgets":"","ocean_shortcode_before_footer_bottom":"","ocean_shortcode_after_footer_bottom":"","ocean_display_top_bar":"default","ocean_display_header":"default","ocean_header_style":"","ocean_center_header_left_menu":"","ocean_custom_header_template":"","ocean_custom_logo":0,"ocean_custom_retina_logo":0,"ocean_custom_logo_max_width":0,"ocean_custom_logo_tablet_max_width":0,"ocean_custom_logo_mobile_max_width":0,"ocean_custom_logo_max_height":0,"ocean_custom_logo_tablet_max_height":0,"ocean_custom_logo_mobile_max_height":0,"ocean_header_custom_menu":"","ocean_menu_typo_font_family":"","ocean_menu_typo_font_subset":"","ocean_menu_typo_font_size":0,"ocean_menu_typo_font_size_tablet":0,"ocean_menu_typo_font_size_mobile":0,"ocean_menu_typo_font_size_unit":"px","ocean_menu_typo_font_weight":"","ocean_menu_typo_font_weight_tablet":"","ocean_menu_typo_font_weight_mobile":"","ocean_menu_typo_transform":"","ocean_menu_typo_transform_tablet":"","ocean_menu_typo_transform_mobile":"","ocean_menu_typo_line_height":0,"ocean_menu_typo_line_height_tablet":0,"ocean_menu_typo_line_height_mobile":0,"ocean_menu_typo_line_height_unit":"","ocean_menu_typo_spacing":0,"ocean_menu_typo_spacing_tablet":0,"ocean_menu_typo_spacing_mobile":0,"ocean_menu_typo_spacing_unit":"","ocean_menu_link_color":"","ocean_menu_link_color_hover":"","ocean_menu_link_color_active":"","ocean_menu_link_background":"","ocean_menu_link_hover_background":"","ocean_menu_link_active_background":"","ocean_menu_social_links_bg":"","ocean_menu_social_hover_links_bg":"","ocean_menu_social_links_color":"","ocean_menu_social_hover_links_color":"","ocean_disable_title":"default","ocean_disable_heading":"default","ocean_post_title":"","ocean_post_subheading":"","ocean_post_title_style":"","ocean_post_title_background_color":"","ocean_post_title_background":0,"ocean_post_title_bg_image_position":"","ocean_post_title_bg_image_attachment":"","ocean_post_title_bg_image_repeat":"","ocean_post_title_bg_image_size":"","ocean_post_title_height":0,"ocean_post_title_bg_overlay":0.5,"ocean_post_title_bg_overlay_color":"","ocean_disable_breadcrumbs":"default","ocean_breadcrumbs_color":"","ocean_breadcrumbs_separator_color":"","ocean_breadcrumbs_links_color":"","ocean_breadcrumbs_links_hover_color":"","ocean_display_footer_widgets":"default","ocean_display_footer_bottom":"default","ocean_custom_footer_template":"","footnotes":""},"class_list":["post-7","page","type-page","status-publish","hentry","entry"],"_links":{"self":[{"href":"https:\/\/www.grundschule-humboldtstrasse.de\/index.php?rest_route=\/wp\/v2\/pages\/7","targetHints":{"allow":["GET"]}}],"collection":[{"href":"https:\/\/www.grundschule-humboldtstrasse.de\/index.php?rest_route=\/wp\/v2\/pages"}],"about":[{"href":"https:\/\/www.grundschule-humboldtstrasse.de\/index.php?rest_route=\/wp\/v2\/types\/page"}],"author":[{"embeddable":true,"href":"https:\/\/www.grundschule-humboldtstrasse.de\/index.php?rest_route=\/wp\/v2\/users\/1"}],"replies":[{"embeddable":true,"href":"https:\/\/www.grundschule-humboldtstrasse.de\/index.php?rest_route=%2Fwp%2Fv2%2Fcomments&post=7"}],"version-history":[{"count":6,"href":"https:\/\/www.grundschule-humboldtstrasse.de\/index.php?rest_route=\/wp\/v2\/pages\/7\/revisions"}],"predecessor-version":[{"id":1925,"href":"https:\/\/www.grundschule-humboldtstrasse.de\/index.php?rest_route=\/wp\/v2\/pages\/7\/revisions\/1925"}],"wp:attachment":[{"href":"https:\/\/www.grundschule-humboldtstrasse.de\/index.php?rest_route=%2Fwp%2Fv2%2Fmedia&parent=7"}],"curies":[{"name":"wp","href":"https:\/\/api.w.org\/{rel}","templated":true}]}}